{"id":1867,"date":"2023-10-04T14:44:09","date_gmt":"2023-10-04T12:44:09","guid":{"rendered":"https:\/\/lesaidesdefreddy.com\/?post_type=product&#038;p=1867"},"modified":"2024-05-02T16:57:42","modified_gmt":"2024-05-02T14:57:42","slug":"documents-de-preparation-ipnept","status":"publish","type":"product","link":"https:\/\/lesaidesdefreddy.com\/index.php\/produit\/documents-de-preparation-ipnept\/","title":{"rendered":"DOCUMENTS PDF DE PREPARATION IPNEPT"},"content":{"rendered":"<p>UN ENSEMBLE DE 04 DOCUMENTS NUMERIQUE PDF COMPORTANT LES MATIERES SUIVANTES : CULTURE GENERALE, COMPOSITION FRANCAISE (DISSERTATION SUJETS D&rsquo;ORDRE GENERAL), LOGIQUE ET INFORMATIQUE<\/p>\n<p>TELECHARGER DIRECTEMENT APRES LE PAIEMENT<\/p>\n","protected":false},"excerpt":{"rendered":"<p>PAYER ET TELECHARGER UN ENSEMBLE DE 04 DOCUMENTS NUMERIQUE PDF CONTENANT L&rsquo;ENSEMBLE DES MATIERES DE COMPOSITION ET PLUSIEURS EXERCICES ET SUJETS CORRIGES.<\/p>\n<p>TELECHARGER DIRECTEMENT APRES LE PAIEMENT<\/p>\n","protected":false},"featured_media":664,"comment_status":"open","ping_status":"closed","template":"","meta":[],"product_brand":[],"product_cat":[18],"product_tag":[],"class_list":{"0":"post-1867","1":"product","2":"type-product","3":"status-publish","4":"has-post-thumbnail","6":"product_cat-concours","8":"entry","9":"has-media","11":"first","12":"instock","13":"downloadable","14":"shipping-taxable","15":"purchasable","16":"product-type-simple","17":"has-product-nav","18":"col","19":"span_1_of_3","20":"owp-content-center","21":"owp-thumbs-layout-horizontal","22":"owp-btn-normal","23":"owp-tabs-layout-horizontal"},"yoast_head":"<!-- This site is optimized with the Yoast SEO plugin v27.4 - https:\/\/yoast.com\/product\/yoast-seo-wordpress\/ -->\n<title>DOCUMENTS PDF DE PREPARATION IPNEPT - LES AIDES DE FREDDY<\/title>\n<meta name=\"description\" content=\"PAYER ET TELECHARGER UN ENSEMBLE DE 04 DOCUMENTS NUMERIQUE PDF CONTENANT L&#039;ENSEMBLE DES MATIERES DE COMPOSITION ET PLUSIEURS EXERCICES ET SUJETS CORRIGES.\" \/>\n<meta name=\"robots\" content=\"index, follow, max-snippet:-1, max-image-preview:large, max-video-preview:-1\" \/>\n<link rel=\"canonical\" href=\"https:\/\/lesaidesdefreddy.com\/index.php\/produit\/documents-de-preparation-ipnept\/\" \/>\n<meta property=\"og:locale\" content=\"fr_FR\" \/>\n<meta property=\"og:type\" content=\"article\" \/>\n<meta property=\"og:title\" content=\"DOCUMENTS PDF DE PREPARATION IPNEPT - LES AIDES DE FREDDY\" \/>\n<meta property=\"og:description\" content=\"PAYER ET TELECHARGER UN ENSEMBLE DE 04 DOCUMENTS NUMERIQUE PDF CONTENANT L&#039;ENSEMBLE DES MATIERES DE COMPOSITION ET PLUSIEURS EXERCICES ET SUJETS CORRIGES.\" \/>\n<meta property=\"og:url\" content=\"https:\/\/lesaidesdefreddy.com\/index.php\/produit\/documents-de-preparation-ipnept\/\" \/>\n<meta property=\"og:site_name\" content=\"LES AIDES DE FREDDY\" \/>\n<meta property=\"article:publisher\" content=\"https:\/\/www.facebook.com\/freddyshelp\/\" \/>\n<meta property=\"article:modified_time\" content=\"2024-05-02T14:57:42+00:00\" \/>\n<meta property=\"og:image\" content=\"https:\/\/lesaidesdefreddy.com\/wp-content\/uploads\/2023\/06\/Screenshot_20230426-123605.jpg\" \/>\n\t<meta property=\"og:image:width\" content=\"720\" \/>\n\t<meta property=\"og:image:height\" content=\"704\" \/>\n\t<meta property=\"og:image:type\" content=\"image\/jpeg\" \/>\n<meta name=\"twitter:card\" content=\"summary_large_image\" \/>\n<meta name=\"twitter:label1\" content=\"Dur\u00e9e de lecture estim\u00e9e\" \/>\n\t<meta name=\"twitter:data1\" content=\"1 minute\" \/>\n<script type=\"application\/ld+json\" class=\"yoast-schema-graph\">{\"@context\":\"https:\\\/\\\/schema.org\",\"@graph\":[{\"@type\":\"WebPage\",\"@id\":\"https:\\\/\\\/lesaidesdefreddy.com\\\/index.php\\\/produit\\\/documents-de-preparation-ipnept\\\/\",\"url\":\"https:\\\/\\\/lesaidesdefreddy.com\\\/index.php\\\/produit\\\/documents-de-preparation-ipnept\\\/\",\"name\":\"DOCUMENTS PDF DE PREPARATION IPNEPT - LES AIDES DE FREDDY\",\"isPartOf\":{\"@id\":\"https:\\\/\\\/lesaidesdefreddy.com\\\/#website\"},\"primaryImageOfPage\":{\"@id\":\"https:\\\/\\\/lesaidesdefreddy.com\\\/index.php\\\/produit\\\/documents-de-preparation-ipnept\\\/#primaryimage\"},\"image\":{\"@id\":\"https:\\\/\\\/lesaidesdefreddy.com\\\/index.php\\\/produit\\\/documents-de-preparation-ipnept\\\/#primaryimage\"},\"thumbnailUrl\":\"https:\\\/\\\/lesaidesdefreddy.com\\\/wp-content\\\/uploads\\\/2023\\\/06\\\/Screenshot_20230426-123605.jpg\",\"datePublished\":\"2023-10-04T12:44:09+00:00\",\"dateModified\":\"2024-05-02T14:57:42+00:00\",\"description\":\"PAYER ET TELECHARGER UN ENSEMBLE DE 04 DOCUMENTS NUMERIQUE PDF CONTENANT L'ENSEMBLE DES MATIERES DE COMPOSITION ET PLUSIEURS EXERCICES ET SUJETS CORRIGES.\",\"breadcrumb\":{\"@id\":\"https:\\\/\\\/lesaidesdefreddy.com\\\/index.php\\\/produit\\\/documents-de-preparation-ipnept\\\/#breadcrumb\"},\"inLanguage\":\"fr-FR\",\"potentialAction\":[{\"@type\":\"ReadAction\",\"target\":[\"https:\\\/\\\/lesaidesdefreddy.com\\\/index.php\\\/produit\\\/documents-de-preparation-ipnept\\\/\"]}]},{\"@type\":\"ImageObject\",\"inLanguage\":\"fr-FR\",\"@id\":\"https:\\\/\\\/lesaidesdefreddy.com\\\/index.php\\\/produit\\\/documents-de-preparation-ipnept\\\/#primaryimage\",\"url\":\"https:\\\/\\\/lesaidesdefreddy.com\\\/wp-content\\\/uploads\\\/2023\\\/06\\\/Screenshot_20230426-123605.jpg\",\"contentUrl\":\"https:\\\/\\\/lesaidesdefreddy.com\\\/wp-content\\\/uploads\\\/2023\\\/06\\\/Screenshot_20230426-123605.jpg\",\"width\":720,\"height\":704},{\"@type\":\"BreadcrumbList\",\"@id\":\"https:\\\/\\\/lesaidesdefreddy.com\\\/index.php\\\/produit\\\/documents-de-preparation-ipnept\\\/#breadcrumb\",\"itemListElement\":[{\"@type\":\"ListItem\",\"position\":1,\"name\":\"Accueil\",\"item\":\"https:\\\/\\\/lesaidesdefreddy.com\\\/\"},{\"@type\":\"ListItem\",\"position\":2,\"name\":\"Boutique\",\"item\":\"https:\\\/\\\/lesaidesdefreddy.com\\\/index.php\\\/boutique\\\/\"},{\"@type\":\"ListItem\",\"position\":3,\"name\":\"DOCUMENTS PDF DE PREPARATION IPNEPT\"}]},{\"@type\":\"WebSite\",\"@id\":\"https:\\\/\\\/lesaidesdefreddy.com\\\/#website\",\"url\":\"https:\\\/\\\/lesaidesdefreddy.com\\\/\",\"name\":\"LES AIDES DE FREDDY\",\"description\":\"Simplicit\u00e9 &amp; Facilit\u00e9 - Avec Freddy, tout devient simple et tr\u00e8s facile\",\"publisher\":{\"@id\":\"https:\\\/\\\/lesaidesdefreddy.com\\\/#organization\"},\"potentialAction\":[{\"@type\":\"SearchAction\",\"target\":{\"@type\":\"EntryPoint\",\"urlTemplate\":\"https:\\\/\\\/lesaidesdefreddy.com\\\/?s={search_term_string}\"},\"query-input\":{\"@type\":\"PropertyValueSpecification\",\"valueRequired\":true,\"valueName\":\"search_term_string\"}}],\"inLanguage\":\"fr-FR\"},{\"@type\":\"Organization\",\"@id\":\"https:\\\/\\\/lesaidesdefreddy.com\\\/#organization\",\"name\":\"LES AIDES DE FREDDY\",\"url\":\"https:\\\/\\\/lesaidesdefreddy.com\\\/\",\"logo\":{\"@type\":\"ImageObject\",\"inLanguage\":\"fr-FR\",\"@id\":\"https:\\\/\\\/lesaidesdefreddy.com\\\/#\\\/schema\\\/logo\\\/image\\\/\",\"url\":\"https:\\\/\\\/lesaidesdefreddy.com\\\/wp-content\\\/uploads\\\/2023\\\/10\\\/freddy-logo.jpg\",\"contentUrl\":\"https:\\\/\\\/lesaidesdefreddy.com\\\/wp-content\\\/uploads\\\/2023\\\/10\\\/freddy-logo.jpg\",\"width\":150,\"height\":150,\"caption\":\"LES AIDES DE FREDDY\"},\"image\":{\"@id\":\"https:\\\/\\\/lesaidesdefreddy.com\\\/#\\\/schema\\\/logo\\\/image\\\/\"},\"sameAs\":[\"https:\\\/\\\/www.facebook.com\\\/freddyshelp\\\/\",\"https:\\\/\\\/www.youtube.com\\\/@lesaidesdefreddy\"]}]}<\/script>\n<!-- \/ Yoast SEO plugin. -->","yoast_head_json":{"title":"DOCUMENTS PDF DE PREPARATION IPNEPT - LES AIDES DE FREDDY","description":"PAYER ET TELECHARGER UN ENSEMBLE DE 04 DOCUMENTS NUMERIQUE PDF CONTENANT L'ENSEMBLE DES MATIERES DE COMPOSITION ET PLUSIEURS EXERCICES ET SUJETS CORRIGES.","robots":{"index":"index","follow":"follow","max-snippet":"max-snippet:-1","max-image-preview":"max-image-preview:large","max-video-preview":"max-video-preview:-1"},"canonical":"https:\/\/lesaidesdefreddy.com\/index.php\/produit\/documents-de-preparation-ipnept\/","og_locale":"fr_FR","og_type":"article","og_title":"DOCUMENTS PDF DE PREPARATION IPNEPT - LES AIDES DE FREDDY","og_description":"PAYER ET TELECHARGER UN ENSEMBLE DE 04 DOCUMENTS NUMERIQUE PDF CONTENANT L'ENSEMBLE DES MATIERES DE COMPOSITION ET PLUSIEURS EXERCICES ET SUJETS CORRIGES.","og_url":"https:\/\/lesaidesdefreddy.com\/index.php\/produit\/documents-de-preparation-ipnept\/","og_site_name":"LES AIDES DE FREDDY","article_publisher":"https:\/\/www.facebook.com\/freddyshelp\/","article_modified_time":"2024-05-02T14:57:42+00:00","og_image":[{"width":720,"height":704,"url":"https:\/\/lesaidesdefreddy.com\/wp-content\/uploads\/2023\/06\/Screenshot_20230426-123605.jpg","type":"image\/jpeg"}],"twitter_card":"summary_large_image","twitter_misc":{"Dur\u00e9e de lecture estim\u00e9e":"1 minute"},"schema":{"@context":"https:\/\/schema.org","@graph":[{"@type":"WebPage","@id":"https:\/\/lesaidesdefreddy.com\/index.php\/produit\/documents-de-preparation-ipnept\/","url":"https:\/\/lesaidesdefreddy.com\/index.php\/produit\/documents-de-preparation-ipnept\/","name":"DOCUMENTS PDF DE PREPARATION IPNEPT - LES AIDES DE FREDDY","isPartOf":{"@id":"https:\/\/lesaidesdefreddy.com\/#website"},"primaryImageOfPage":{"@id":"https:\/\/lesaidesdefreddy.com\/index.php\/produit\/documents-de-preparation-ipnept\/#primaryimage"},"image":{"@id":"https:\/\/lesaidesdefreddy.com\/index.php\/produit\/documents-de-preparation-ipnept\/#primaryimage"},"thumbnailUrl":"https:\/\/lesaidesdefreddy.com\/wp-content\/uploads\/2023\/06\/Screenshot_20230426-123605.jpg","datePublished":"2023-10-04T12:44:09+00:00","dateModified":"2024-05-02T14:57:42+00:00","description":"PAYER ET TELECHARGER UN ENSEMBLE DE 04 DOCUMENTS NUMERIQUE PDF CONTENANT L'ENSEMBLE DES MATIERES DE COMPOSITION ET PLUSIEURS EXERCICES ET SUJETS CORRIGES.","breadcrumb":{"@id":"https:\/\/lesaidesdefreddy.com\/index.php\/produit\/documents-de-preparation-ipnept\/#breadcrumb"},"inLanguage":"fr-FR","potentialAction":[{"@type":"ReadAction","target":["https:\/\/lesaidesdefreddy.com\/index.php\/produit\/documents-de-preparation-ipnept\/"]}]},{"@type":"ImageObject","inLanguage":"fr-FR","@id":"https:\/\/lesaidesdefreddy.com\/index.php\/produit\/documents-de-preparation-ipnept\/#primaryimage","url":"https:\/\/lesaidesdefreddy.com\/wp-content\/uploads\/2023\/06\/Screenshot_20230426-123605.jpg","contentUrl":"https:\/\/lesaidesdefreddy.com\/wp-content\/uploads\/2023\/06\/Screenshot_20230426-123605.jpg","width":720,"height":704},{"@type":"BreadcrumbList","@id":"https:\/\/lesaidesdefreddy.com\/index.php\/produit\/documents-de-preparation-ipnept\/#breadcrumb","itemListElement":[{"@type":"ListItem","position":1,"name":"Accueil","item":"https:\/\/lesaidesdefreddy.com\/"},{"@type":"ListItem","position":2,"name":"Boutique","item":"https:\/\/lesaidesdefreddy.com\/index.php\/boutique\/"},{"@type":"ListItem","position":3,"name":"DOCUMENTS PDF DE PREPARATION IPNEPT"}]},{"@type":"WebSite","@id":"https:\/\/lesaidesdefreddy.com\/#website","url":"https:\/\/lesaidesdefreddy.com\/","name":"LES AIDES DE FREDDY","description":"Simplicit\u00e9 &amp; Facilit\u00e9 - Avec Freddy, tout devient simple et tr\u00e8s facile","publisher":{"@id":"https:\/\/lesaidesdefreddy.com\/#organization"},"potentialAction":[{"@type":"SearchAction","target":{"@type":"EntryPoint","urlTemplate":"https:\/\/lesaidesdefreddy.com\/?s={search_term_string}"},"query-input":{"@type":"PropertyValueSpecification","valueRequired":true,"valueName":"search_term_string"}}],"inLanguage":"fr-FR"},{"@type":"Organization","@id":"https:\/\/lesaidesdefreddy.com\/#organization","name":"LES AIDES DE FREDDY","url":"https:\/\/lesaidesdefreddy.com\/","logo":{"@type":"ImageObject","inLanguage":"fr-FR","@id":"https:\/\/lesaidesdefreddy.com\/#\/schema\/logo\/image\/","url":"https:\/\/lesaidesdefreddy.com\/wp-content\/uploads\/2023\/10\/freddy-logo.jpg","contentUrl":"https:\/\/lesaidesdefreddy.com\/wp-content\/uploads\/2023\/10\/freddy-logo.jpg","width":150,"height":150,"caption":"LES AIDES DE FREDDY"},"image":{"@id":"https:\/\/lesaidesdefreddy.com\/#\/schema\/logo\/image\/"},"sameAs":["https:\/\/www.facebook.com\/freddyshelp\/","https:\/\/www.youtube.com\/@lesaidesdefreddy"]}]}},"_links":{"self":[{"href":"https:\/\/lesaidesdefreddy.com\/index.php\/wp-json\/wp\/v2\/product\/1867","targetHints":{"allow":["GET"]}}],"collection":[{"href":"https:\/\/lesaidesdefreddy.com\/index.php\/wp-json\/wp\/v2\/product"}],"about":[{"href":"https:\/\/lesaidesdefreddy.com\/index.php\/wp-json\/wp\/v2\/types\/product"}],"replies":[{"embeddable":true,"href":"https:\/\/lesaidesdefreddy.com\/index.php\/wp-json\/wp\/v2\/comments?post=1867"}],"wp:featuredmedia":[{"embeddable":true,"href":"https:\/\/lesaidesdefreddy.com\/index.php\/wp-json\/wp\/v2\/media\/664"}],"wp:attachment":[{"href":"https:\/\/lesaidesdefreddy.com\/index.php\/wp-json\/wp\/v2\/media?parent=1867"}],"wp:term":[{"taxonomy":"product_brand","embeddable":true,"href":"https:\/\/lesaidesdefreddy.com\/index.php\/wp-json\/wp\/v2\/product_brand?post=1867"},{"taxonomy":"product_cat","embeddable":true,"href":"https:\/\/lesaidesdefreddy.com\/index.php\/wp-json\/wp\/v2\/product_cat?post=1867"},{"taxonomy":"product_tag","embeddable":true,"href":"https:\/\/lesaidesdefreddy.com\/index.php\/wp-json\/wp\/v2\/product_tag?post=1867"}],"curies":[{"name":"wp","href":"https:\/\/api.w.org\/{rel}","templated":true}]}}